?
35
What is the remainder when 27564631 is divided by 664?
663
What is the remainder when 4049048 is divided by 21?
17
Calculate the remainder when 720825 is divided by 298.
261
What is the remainder when 1619877 is divided by 1619858?
19
Calculate the remainder when 3287140 is divided by 3287101.
39
Calculate the remainder when 3923 is divided by 2090.
1833
What is the remainder when 227647 is divided by 37861?
481
Calculate the remainder when 37312 is divided by 17893.
1526
Calculate the remainder when 321328 is divided by 160657.
14
What is the remainder when 6818949 is divided by 352?
5
Calculate the remainder when 409768 is divided by 23956.
2516
Calculate the remainder when 6210 is divided by 551.
149
Calculate the remainder when 1074183 is divided by 214834.
13
Calculate the remainder when 820956 is divided by 2572.
488
Calculate the remainder when 88768 is divided by 1454.
74
Calculate the remainder when 16089074 is divided by 365660.
34
What is the remainder when 29274 is divided by 4061?
847
What is the remainder when 7288257 is divided by 1864?
17
Calculate the remainder when 2100505 is divided by 151.
95
Calculate the remainder when 1069535 is divided by 97075.
1710
Calculate the remainder when 13826620 is divided by 392.
388
What is the remainder when 243511706 is divided by 1441?
1439
Calculate the remainder when 8592968 is divided by 4296433.
102
What is the remainder when 807911 is divided by 269302?
5
What is the remainder when 1171144 is divided by 542?
424
Calculate the remainder when 5441 is divided by 4140.
1301
Calculate the remainder when 32237 is divided by 3410.
1547
Calculate the remainder when 543364 is divided by 2802.
2578
Calculate the remainder when 7549991 is divided by 57633.
68
Calculate the remainder when 871883 is divided by 1090.
973
What is the remainder when 2608102 is divided by 1165?
832
What is the remainder when 8763 is divided by 389?
205
What is the remainder when 5431751 is divided by 14145?
71
What is the remainder when 24597390 is divided by 37496?
14
Calculate the remainder when 52408718 is divided by 124.
118
What is the remainder when 431048573 is divided by 406?
403
What is the remainder when 88577339 is divided by 1156?
1151
Calculate the remainder when 382233 is divided by 13740.
11253
What is the remainder when 24463 is divided by 21?
19
What is the remainder when 83420 is divided by 82790?
630
What is the remainder when 1762428 is divided by 9325?
3
Calculate the remainder when 5678275 is divided by 30.
25
Calculate the remainder when 2756049 is divided by 105999.
75
Calculate the remainder when 136766 is divided by 17738.
12600
Calculate the remainder when 27815389 is divided by 441514.
7
What is the remainder when 28007227 is divided by 1867147?
22
What is the remainder when 115891 is divided by 57665?
561
What is the remainder when 280036723 is divided by 82?
81
Calculate the remainder when 374980 is divided by 868.
4
Calculate the remainder when 1453280 is divided by 290630.
130
What is the remainder when 17492 is divided by 253?
35
What is the remainder when 176607 is divided by 425?
232
Calculate the remainder when 132879 is divided by 2209.
339
Calculate the remainder when 46289 is divided by 41282.
5007
Calculate the remainder when 512755981 is divided by 16.
13
What is the remainder when 304447 is divided by 43477?
108
What is the remainder when 360291 is divided by 119997?
300
What is the remainder when 235067 is divided by 58764?
11
What is the remainder when 58952044 is divided by 671?
668
Calculate the remainder when 105324 is divided by 82.
36
What is the remainder when 135348 is divided by 174?
150
Calculate the remainder when 403304 is divided by 523.
71
What is the remainder when 261756 is divided by 578?
500
Calculate the remainder when 96772385 is divided by 1635.
5
Calculate the remainder when 1017415 is divided by 203479.
20
What is the remainder when 86948 is divided by 7236?
116
Calculate the remainder when 784227 is divided by 17421.
282
What is the remainder when 242384 is divided by 121037?
310
What is the remainder when 227770 is divided by 8132?
74
What is the remainder when 105117 is divided by 18846?
10887
Calculate the remainder when 3558875 is divided by 70.
5
Calculate the remainder when 2827504 is divided by 353426.
96
Calculate the remainder when 4202081 is divided by 14390.
201
Calculate the remainder when 588792 is divided by 692.
592
What is the remainder when 368047 is divided by 3079?
1646
What is the remainder when 38755620 is divided by 150?
120
Calculate the remainder when 122867 is divided by 627.
602
What is the remainder when 12660139 is divided by 151?
148
What is the remainder when 21887878 is divided by 40?
38
What is the remainder when 680812 is divided by 1918?
1840
What is the remainder when 21577097 is divided by 1301?
12
What is the remainder when 481734 is divided by 237?
150
What is the remainder when 1027169 is divided by 815?
269
Calculate the remainder when 2633499 is divided by 18162.
9
What is the remainder when 304755 is divided by 8133?
3834
Calculate the remainder when 784799 is divided by 531.
512
Calculate the remainder when 3940509 is divided by 242.
23
Calculate the remainder when 2324730 is divided by 502.
470
What is the remainder when 13225684 is divided by 98?
94
What is the remainder when 658148 is divided by 337?
324
Calculate the remainder when 444950 is divided by 796.
782
What is the remainder when 523870 is divided by 1668?
118
What is the remainder when 4597562 is divided by 821?
783
What is the remainder when 6945895 is divided by 36?
19
What is the remainder when 36056171 is divided by 1651?
1633
Calculate the remainder when 96461075 is divided by 920.
915
What is the remainder when 2796710 is divided by 3863?
3761
What is the remainder when 140225 is divided by 227?
166
Calculate the remainder when 1570592 is divided by 5904.
128
What is the remainder when 48421294 is divided by 118?
112
What is the remainder when 13367667 is divided by 1256?
59
What is the remainder when 2310583 is divided by 922?
51
What is the remainder when 1222669 is divided by 3845?
3804
Calculate the remainder when 32118 is divided by 32083.
35
Calculate the remainder when 16702679 is divided by 1538.
1537
What is the remainder when 6960 is divided by 1307?
425
What is the remainder when 478395 is divided by 79729?
21
Calculate the remainder when 46499 is divided by 2484.
1787
What is the remainder when 919712 is divided by 4379?
122
Calculate the remainder when 689172 is divided by 5221.
0
What is the remainder when 228842 is divided by 1370?
52
What is the remainder when 190394 is divided by 95066?
262
Calculate the remainder when 58420965 is divided by 58420959.
6
What is the remainder when 344026 is divided by 324?
262
What is the remainder when 147923557 is divided by 4990?
4987
Calculate the remainder when 2714396 is divided by 625.
21
Calculate the remainder when 129905 is divided by 400.
305
What is the remainder when 157039 is divided by 157004?
35
Calculate the remainder when 40532785 is divided by 68.
25
What is the remainder when 11425137 is divided by 44?
9
What is the remainder when 302777 is divided by 153?
143
Calculate the remainder when 1001064 is divided by 1135.
1129
Calculate the remainder when 2437780 is divided by 47794.
286
What is the remainder when 93535 is divided by 89340?
4195
Calculate the remainder when 1856491 is divided by 4380.
3751
Calculate the remainder when 1781363 is divided by 4854.
4799
What is the remainder when 4849285 is divided by 102?
1
What is the remainder when 113998913 is divided by 1509?
1508
What is the remainder when 579524 is divided by 289362?
800
Calculate the remainder when 1400748511 is divided by 11.
8
Calculate the remainder when 54113 is divided by 27031.
51
What is the remainder when 3025827 is divided by 698?
695
Calculate the remainder when 21979476 is divided by 1354.
1348
Calculate the remainder when 14212629 is divided by 1776578.
5
What is the remainder when 1468239 is divided by 209746?
17
Calculate the remainder when 4821802 is divided by 344414.
6
Calculate the remainder when 523860 is divided by 236.
176
Calculate the remainder when 272302 is divided by 3402